
4
Let s be ((-286)/(-44))/(2/4). Suppose -10*r = -s*r + 252. What is the units digit of r?
4
Suppose 0 = 3*f + 3*z + 123 + 27, -186 = 4*f - 3*z. What is the tens digit of ((-6)/f*4)/(1/144)?
7
Let h(x) = x**2 + 11*x + 6. Let w be h(-8). Let l be 12/w - 2/(-3). Suppose -3*k + l*a + 108 = -3*a, 78 = 2*k - 5*a. What is the tens digit of k?
3
Let u(w) = -13*w**3 - w - 3*w - 3*w**2 - 3 + w**2 - w**2. Let p be u(-2). Suppose p + 11 = 4*q. What is the units digit of q?
7
What is the tens digit of ((-60)/(-50))/((-1)/((-1040)/12))?
0
What is the thousands digit of (-12465)/(-6) + (-2)/4?
2
Let d(q) = -6*q - 36. Let m be 5 + 16/(-4 - -3). What is the units digit of d(m)?
0
What is the units digit of 4046/54 - (-32)/432?
5
Suppose 16416 = 29*r + 3*r. What is the tens digit of r?
1
What is the hundreds digit of ((-112)/21)/16*-7959?
6
Suppose -o = -4*m - 19 - 2, -m + 16 = 4*o. Suppose -1201 = -o*y - 4*u, -u + 629 + 93 = 3*y. What is the hundreds digit of y?
2
What is the hundreds digit of 54/(-5)*410/(-4)?
1
Let d = 7014 - 12330. Let c = d - -2892. What is the units digit of c/(-42) - (-6)/21?
8
Let y = -5 + 9. Let s = -527 + 529. Suppose -4*p = 4*a - 288, -s*p + 3*p - y = 0. What is the units digit of a?
8
Let x(r) be the third derivative of -r**6/120 - r**5/15 + r**4/6 + 7*r**3/6 - 4*r**2. What is the units digit of x(-5)?
2
Let f = -1919 - -2906. What is the hundreds digit of f?
9
Let y = -490 + 541. What is the tens digit of y?
5
Let l = 16 + -29. Let o(y) be the first derivative of -y**2/2 + 15*y - 3. What is the units digit of o(l)?
8
Let n = 2460 - 162. What is the tens digit of n?
9
Suppose -5581 = -12*a + 9479. Suppose 469 = 4*m - 2*m - 5*t, -5*m - 4*t + a = 0. What is the tens digit of m?
4
Let w be (-1)/(-3 - 80/(-25)). Let t(x) = -x**3 - x**2 - 10*x - 11. What is the units digit of t(w)?
9
Let m(s) = -4*s + 133. What is the hundreds digit of m(3)?
1
Suppose -s + 23 = -2*s. Let t = s + 28. What is the units digit of t?
5
Suppose -3*v - 2415 = -2*j, 0 = j + 3*v + 677 - 1880. What is the thousands digit of j?
1
Let d(c) = c**2 - 10*c + 6. Let b be d(8). Let u be (-734)/(-10) - 6/b. Suppose 3*g - u = g. What is the units digit of g?
7
Let n = -157 + 155. Suppose 3*w - f + 9 + 77 = 0, -2*w - f = 54. What is the units digit of w*(-1)/(-4)*n?
4
Let s = 158 + 33. What is the hundreds digit of s?
1
Let n be (0 + 0 - 4)/((-2)/8). Suppose n = -3*o + 307. What is the units digit of o?
7
Let w(j) = -3*j**3 + 2*j**2 - 4*j - 6. Let k be w(3). Let q = -70 - k. What is the units digit of q?
1
Let h(r) = -r**3 + 11*r**2 + 14*r - 9. Let j be 675/(-18)*(-4)/6. Let i = -13 + j. What is the units digit of h(i)?
5
Suppose -820 = -13*t + 11*t. What is the units digit of t?
0
Let b(a) = 4*a**2 + 6*a - 3. Let y be b(-6). Suppose -5*o = 3*m - y, 0*m = o + 2*m - 14. What is the units digit of o?
4
Suppose f = 754 + 626. What is the tens digit of f?
8
Suppose 0*p - n + 4 = -4*p, 4*n = -4*p + 16. Suppose -15*f + 3473 - 503 = p. What is the hundreds digit of f?
1
Let u(j) = 5*j**2 + 22*j - 4. What is the hundreds digit of u(11)?
8
Let n = 6 + -4. Let x = -33 - -94. Suppose -4*k = q - n*k - x, -q - k = -61. What is the tens digit of q?
6
Suppose -5*f + 32280 = -d + 6185, 0 = -f - 4*d + 5198. What is the units digit of f?
8
Let j(g) = -2*g + 137. What is the hundreds digit of j(-46)?
2
Let x = -26 + 23. Let n(a) = a**3 + 8*a**2 + 3*a + 1. What is the units digit of n(x)?
7
Let p = 153 - 63. Let b = -50 + p. What is the tens digit of b?
4
Let x = -30 + 32. Suppose x*d - 353 + 9 = 0. What is the hundreds digit of d?
1
Let a be (2 - 2 - 0) + 18. Let r(q) = 3*q - 2. What is the tens digit of r(a)?
5
Suppose 0 = 2*z - 4, -2*z = -7*a + 3*a + 4756. What is the thousands digit of a?
1
Suppose a - 22 = 5*b, -4*a - 3*b + 2 = 6. Suppose 3*j = -a*u + 531, 3*j + 2*j - 5*u - 860 = 0. What is the hundreds digit of j?
1
Let s = -368 + 569. Let y = 359 - s. What is the hundreds digit of y?
1
Suppose 19698 = -37*y + 44*y. What is the thousands digit of y?
2
Let z(x) = x**2 - 21*x - 6. Let p be z(21). Let w(y) = 2*y**2 - 2*y - 3. What is the tens digit of w(p)?
8
Let w(x) = 14*x**2 - x**3 - 2*x + 9 + 3*x + 0*x. What is the tens digit of w(14)?
2
Let w = 297 + 1382. What is the thousands digit of w?
1
Suppose 371 = k + 5*z, 0*z - 381 = -k - 3*z. What is the tens digit of k?
9
Let o(p) = 4*p**2 - 2*p - 28. Let j be o(6). Let b = 116 - j. What is the tens digit of b?
1
Let j(d) = 5*d**3 + 7*d**2 + d - 7. What is the units digit of j(3)?
4
Let j be (26/52)/(1/46). Let s = 115 + j. What is the units digit of s?
8
What is the tens digit of (285/(-45))/((-1)/108)?
8
Let z be 31*(-3)/((-6)/2). Let f = -23 + z. What is the units digit of f?
8
Let j = -4 - 0. Let o = 9 - j. Suppose -3*c = 3*i + 2*c - 35, o = i + c. What is the units digit of i?
5
Suppose 0 = 24*g - 10*g + 126. Suppose 0 = -2*a - 3*b + 65, a - 45 = b - 5*b. Let u = a - g. What is the units digit of u?
4
Suppose 4*b = 4*l + 4376, 4*b - 4905 = -4*l - 505. What is the thousands digit of b?
1
Suppose 3*b = -3*w + 2 + 13, -27 = -4*b + 3*w. What is the units digit of b?
6
Let o = -86 - -88. Suppose -3*z = 5*a - 489, -z - o*a = 35 - 197. What is the units digit of z?
8
What is the thousands digit of (4 - 10)/3*1735/(-2)?
1
Suppose -3*v + 345 = 4*p + 2*v, -2*p - 3*v = -173. What is the tens digit of p?
8
Let c(n) = -2*n - 1. Suppose -5*k - 7*r + 12 = -3*r, 0 = 4*k + 4*r - 12. Let h be -1 + 1 + k - 1. What is the units digit of c(h)?
1
Suppose 3*q - 5*q = -960. Suppose 17*z - 20*z + q = 0. What is the units digit of z?
0
Suppose 0 = 2*q - 3*i - 17, 3*q + 2*i - 5 = 1. Suppose 3*k + 13 - q = 0. What is the tens digit of 26/k*(-3 + 0)?
2
Let y be (-2)/4*3*(-70)/(-21). Let b(h) be the second derivative of -h**3/3 - 3*h**2 - h. What is the units digit of b(y)?
4
Suppose 642*w - 653*w = -65703. What is the units digit of w?
3
Let j(n) = -24*n - 87. What is the units digit of j(-19)?
9
What is the hundreds digit of (-10)/(6/(-3)) + 9204/6?
5
Let k be (-8)/(-6)*(-15)/(-10). Suppose -3*u = -9, k*u - 5*u = -5*m + 61. What is the units digit of m?
4
Let f(d) = d**3 - 4*d**2 - 6*d + 7. Let a be f(5). Suppose a*w = 3*l + 2*l - 230, -98 = -2*l + 2*w. What is the tens digit of l?
4
Let y = 1591 + -277. What is the thousands digit of y?
1
Let q be (1 + -4 - -32) + -2. Let s = 93 + q. What is the tens digit of s?
2
Let n = 562 + -279. Suppose 4*z + 16 = 0, f - 4*z - n = -0*z. What is the tens digit of f/24 - 4/32?
1
Let v(o) = -o**3 - 5*o**2 - o + 4. Let w be v(-5). Let k be (-620)/45 + (-2)/w. Let y = k + 26. What is the units digit of y?
2
Suppose -5614 = -202*i + 188*i. What is the hundreds digit of i?
4
Suppose 23*t + 7476 = 45265. What is the thousands digit of t?
1
Let q = 2194 + -1082. What is the tens digit of q?
1
Let c be 10/2*14/(-35). Let d = 1 + c. Let a = 25 + d. What is the tens digit of a?
2
Suppose -2*b - 8*b + 11760 = 0. What is the tens digit of b?
7
What is the tens digit of -2 + (-13810)/(-14) - (-1012)/1771?
8
Let s = 483 - 268. What is the units digit of s?
5
Let n = -41 + 53. Let y(w) = -22 + 46 - 2*w - n. What is the units digit of y(5)?
2
Let x be (6/(24/5))/((-5)/(-40)). Suppose -373 = x*t - 1653. What is the units digit of t?
8
Let g = 277 + -124. Suppose -n = f - g, 4*n - 4*f - 612 = f. What is the tens digit of n?
5
Suppose -105 - 6405 = -10*g. What is the hundreds digit of g?
6
Suppose 5*x - 4*w = -72 - 45, 0 = 3*x + w + 60. What is the tens digit of ((-14)/x)/((-2)/(-162))?
5
Let s be 4 + ((-2)/9 - (-624)/(-108)). Let m be 4/(-12) + 11/(-3). What is the units digit of 10 - m - (s - -3)?
3
Suppose 9*x = -1688 + 5774. What is the tens digit of x?
5
Suppose 11*p - 7*p = 700. Suppose j = -4*j + p. What is the units digit of j?
5
Suppose -4*q = -3*j - 2*j - 17, 2*q - 28 = -4*j. What is the tens digit of (2/q)/(15/4980)?
8
Suppose 0 = 4*f - l - 305, 3*l = l - 2. Let o = f + -53. What is the tens digit of o?
2
Let q(z) = 11*z - 5. Let p be q(16). Let h = -119 + p. What is the units digit of h?
2
Let t(u) = u**2 + 8*u - 10. Let g be t(-9). Let j = g - 3. What is the units digit of j/(-6) - 185/(-15)?
3
Let o(y) = 7*y**3 - 6*y - 8. What is the hundreds digit of o(4)?
4
Let t be -38 - (1 + 3/(-1)). Let y be (-5 + 0)/(9/t). Let m = y + 